at is the highest common divisor of 6396 and 7037732?
2132
What is the highest common divisor of 358028 and 20372836?
3476
What is the highest common factor of 444 and 2008212?
444
Calculate the highest common factor of 46420 and 297.
11
Calculate the highest common divisor of 1024775 and 3425.
25
What is the greatest common factor of 25377295 and 20?
5
Calculate the highest common divisor of 15406434 and 7498.
326
What is the greatest common factor of 900 and 115890?
30
What is the highest common divisor of 1961670 and 3450?
690
What is the greatest common divisor of 7041288 and 219?
219
What is the highest common divisor of 315573 and 1998?
111
What is the greatest common factor of 53233129 and 27224?
3403
What is the highest common factor of 362245 and 10010?
65
Calculate the greatest common factor of 25130 and 70154.
14
Calculate the greatest common factor of 355965696 and 86.
86
Calculate the highest common divisor of 27566 and 768089.
1253
What is the greatest common factor of 28980189 and 672?
21
Calculate the greatest common divisor of 60621554 and 1085.
217
What is the greatest common factor of 264 and 5825292?
132
What is the greatest common factor of 1800 and 81369000?
1800
Calculate the highest common divisor of 7324757 and 33.
11
Calculate the highest common divisor of 1488519 and 18.
9
Calculate the greatest common divisor of 1058 and 16961327.
529
What is the highest common factor of 2732 and 48493?
683
Calculate the greatest common factor of 1131747 and 12535.
109
Calculate the highest common divisor of 1505 and 145305643.
301
What is the highest common factor of 635814 and 126?
18
Calculate the highest common divisor of 1350 and 4590350.
50
Calculate the greatest common divisor of 1581616 and 298480.
656
Calculate the highest common factor of 7398 and 5143254.
822
What is the highest common factor of 27606 and 47494197?
321
Calculate the highest common factor of 231267 and 16891.
127
Calculate the highest common divisor of 77104 and 1874512.
1264
Calculate the greatest common factor of 24590 and 8330.
10
Calculate the highest common divisor of 72330 and 15010.
10
Calculate the highest common factor of 37040 and 62183215.
2315
What is the highest common divisor of 4671 and 2242772?
173
Calculate the highest common divisor of 31 and 84425927.
31
What is the highest common factor of 2896511 and 85?
17
What is the highest common divisor of 647337 and 261985?
151
Calculate the greatest common factor of 1368 and 49666437.
171
Calculate the highest common factor of 31591452 and 456.
228
Calculate the greatest common factor of 134406 and 1137473.
2489
What is the greatest common factor of 35024 and 14378944?
3184
Calculate the greatest common divisor of 35483 and 4247.
137
What is the highest common divisor of 2961925 and 12593?
257
What is the greatest common factor of 1140 and 107742920?
380
Calculate the highest common factor of 13329 and 86040.
9
What is the highest common factor of 13069833 and 21903?
3129
Calculate the highest common divisor of 7309372 and 5574.
1858
What is the greatest common divisor of 72 and 380941920?
72
Calculate the highest common factor of 931742064 and 8217.
8217
Calculate the greatest common divisor of 10291 and 22837.
41
Calculate the highest common divisor of 7074 and 944676.
54
What is the greatest common divisor of 154 and 4651658?
22
What is the greatest common divisor of 869671 and 319?
11
Calculate the greatest common factor of 291984 and 1622976.
3792
What is the greatest common divisor of 18 and 100680534?
18
Calculate the greatest common divisor of 16014051 and 46937.
4267
Calculate the highest common factor of 45 and 1470045.
15
Calculate the greatest common divisor of 58914234 and 234.
18
Calculate the highest common factor of 1064685 and 13710.
15
Calculate the highest common divisor of 1630 and 244576610.
1630
What is the greatest common divisor of 84111 and 116547?
159
What is the greatest common divisor of 542 and 9305056?
542
What is the highest common factor of 273183 and 177899?
41
Calculate the greatest common divisor of 224521021 and 799.
47
What is the greatest common factor of 1033852 and 106896?
524
What is the highest common factor of 7636 and 1581980?
332
Calculate the greatest common divisor of 49697098 and 56273.
8039
Calculate the highest common divisor of 270516 and 2034.
6
What is the highest common factor of 199578 and 23754?
222
Calculate the highest common factor of 8085 and 22150695.
735
What is the greatest common factor of 17302482 and 95274?
1206
What is the highest common factor of 15 and 530115735?
15
Calculate the highest common factor of 246710540 and 4060.
580
What is the greatest common factor of 5622070 and 850?
170
Calculate the highest common divisor of 109312 and 962304.
1792
Calculate the greatest common factor of 49 and 19285763.
49
Calculate the highest common factor of 2923 and 375883.
37
What is the highest common divisor of 2409 and 51642609?
219
Calculate the highest common factor of 4301 and 655622.
187
What is the greatest common factor of 826 and 553364?
14
Calculate the greatest common factor of 63956 and 530528.
236
What is the highest common divisor of 780 and 742965?
15
What is the highest common divisor of 2184 and 7424235?
273
Calculate the greatest common divisor of 3953496 and 1536.
24
What is the greatest common divisor of 471144 and 20616?
24
What is the greatest common divisor of 629595 and 4896?
153
Calculate the highest common divisor of 3404 and 7943234.
1702
Calculate the greatest common divisor of 10364 and 248824094.
5182
What is the greatest common divisor of 6864 and 28368?
48
What is the greatest common factor of 711838827 and 21?
21
Calculate the highest common divisor of 90 and 6764570.
10
Calculate the highest common divisor of 1647 and 2991867.
183
What is the greatest common factor of 8419964 and 475?
19
What is the highest common divisor of 11205347 and 39169?
3013
What is the highest common divisor of 148426480 and 4560?
1520
Calculate the highest common factor of 2106716808 and 24.
24
Calculate the greatest common divisor of 9162 and 19326730.
1018
What is the highest common divisor of 28458 and 31223448?
1674
What is the highest common divisor of 631235 and 4025?
115
What is the greatest common factor of 1416869 and 460?
23
Calculate the highest common divisor of 218 and 57099541.
109
Calculate the highest common factor of 38497628 and 123712.
7732
Calculate the highest common divisor of 14034906 and 1152.
18
Calculate the greatest common divisor of 25308 and 3942044.
76
What is the highest common divisor of 224 and 2568032?
32
Calculate the highest common divisor of 2162280 and 175380.
2220
Calculate the greatest common factor of 138 and 388468252.
46
What is the greatest common divisor of 43234257 and 173?
173
Calculate the greatest common factor of 6963 and 388146.
33
Calculate the highest common factor of 235444953 and 2927.
2927
Calculate the highest common divisor of 18285960 and 660.
660
What is the greatest common divisor of 490484236 and 88?
44
Calculate the highest common divisor of 270565 and 29415.
265
What is the greatest common factor of 123 and 25231359?
123
Calculate the greatest common factor of 317304 and 144072.
216
Calculate the highest common factor of 1295835 and 20.
5
Calculate the greatest common factor of 1224127 and 3263.
251
What is the greatest common factor of 339285 and 405?
15
Calculate the highest common divisor of 879 and 900457269.
879
Calculate the greatest common factor of 712 and 83222298.
178
Calculate the greatest common factor of 6804 and 1949832.
972
What is the highest common factor of 9698 and 441948?
26
What is the greatest common factor of 45934040 and 94?
94
Calculate the greatest common divisor of 16 and 13804984.
8
What is the greatest common divisor of 77648271 and 4596?
1149
Calculate the greatest common factor of 6772 and 103105393.
1693
What is the highest common divisor of 4411 and 156838?
11
Calculate the greatest common factor of 207747 and 697041.
369
Calculate the greatest common divisor of 1997226328 and 7736.
7736
Calculate the highest common divisor of 414719 and 26335.
229
What is the highest common divisor of 4473 and 7346583?
639
Calculate the greate